{"id":336601,"date":"2015-10-01T09:59:09","date_gmt":"2015-10-01T07:59:09","guid":{"rendered":"http:\/\/www.omniro.de\/Gipfelbuch\/blog-jr\/wp-content\/uploads\/2015\/10\/Kl\u00e4ttring-i-G\u00f6teborg.jpg"},"modified":"2015-10-01T09:59:09","modified_gmt":"2015-10-01T07:59:09","slug":"klaettring-i-goeteborg","status":"inherit","type":"attachment","link":"http:\/\/www.omniro.de\/Gipfelbuch\/blog-jr\/2015\/10\/schweden-bohuslan-klaettring-i-goeteborg\/klaettring-i-goeteborg\/","title":{"rendered":"Kl\u00e4ttring i G\u00f6teborg"},"author":1,"comment_status":"open","ping_status":"open","template":"","meta":{"ngg_post_thumbnail":0,"jetpack_post_was_ever_published":false},"jetpack_sharing_enabled":true,"jetpack_shortlink":"https:\/\/wp.me\/a34XEX-1pz3","description":{"rendered":"<p class=\"attachment\"><a href='http:\/\/www.omniro.de\/Gipfelbuch\/blog-jr\/wp-content\/uploads\/2015\/10\/Kl\u00e4ttring-i-G\u00f6teborg.jpg'><img width=\"200\" height=\"300\" src=\"http:\/\/www.omniro.de\/Gipfelbuch\/blog-jr\/wp-content\/uploads\/2015\/10\/Kl\u00e4ttring-i-G\u00f6teborg-200x300.jpg\" class=\"attachment-medium size-medium\" alt=\"\" decoding=\"async\" loading=\"lazy\" srcset=\"http:\/\/www.omniro.de\/Gipfelbuch\/blog-jr\/wp-content\/uploads\/2015\/10\/Kl\u00e4ttring-i-G\u00f6teborg-200x300.jpg 200w, http:\/\/www.omniro.de\/Gipfelbuch\/blog-jr\/wp-content\/uploads\/2015\/10\/Kl\u00e4ttring-i-G\u00f6teborg-682x1024.jpg 682w, http:\/\/www.omniro.de\/Gipfelbuch\/blog-jr\/wp-content\/uploads\/2015\/10\/Kl\u00e4ttring-i-G\u00f6teborg.jpg 800w\" sizes=\"(max-width: 200px) 100vw, 200px\" data-attachment-id=\"336601\" data-permalink=\"http:\/\/www.omniro.de\/Gipfelbuch\/blog-jr\/2015\/10\/schweden-bohuslan-klaettring-i-goeteborg\/klaettring-i-goeteborg\/\" data-orig-file=\"http:\/\/www.omniro.de\/Gipfelbuch\/blog-jr\/wp-content\/uploads\/2015\/10\/Kl\u00e4ttring-i-G\u00f6teborg.jpg\" data-orig-size=\"800,1201\" data-comments-opened=\"1\" data-image-meta=\"{&quot;aperture&quot;:&quot;3.5&quot;,&quot;credit&quot;:&quot;&quot;,&quot;camera&quot;:&quot;Canon PowerShot SX270 HS&quot;,&quot;caption&quot;:&quot;&quot;,&quot;created_timestamp&quot;:&quot;1443693191&quot;,&quot;copyright&quot;:&quot;&quot;,&quot;focal_length&quot;:&quot;4.5&quot;,&quot;iso&quot;:&quot;1600&quot;,&quot;shutter_speed&quot;:&quot;0.005&quot;,&quot;title&quot;:&quot;&quot;,&quot;orientation&quot;:&quot;1&quot;}\" data-image-title=\"Kl\u00e4ttring i G\u00f6teborg\" data-image-description=\"\" data-image-caption=\"\" data-medium-file=\"http:\/\/www.omniro.de\/Gipfelbuch\/blog-jr\/wp-content\/uploads\/2015\/10\/Kl\u00e4ttring-i-G\u00f6teborg-200x300.jpg\" data-large-file=\"http:\/\/www.omniro.de\/Gipfelbuch\/blog-jr\/wp-content\/uploads\/2015\/10\/Kl\u00e4ttring-i-G\u00f6teborg-682x1024.jpg\" \/><\/a><\/p>\n"},"caption":{"rendered":""},"alt_text":"","media_type":"image","mime_type":"image\/jpeg","media_details":{"width":800,"height":1201,"file":"2015\/10\/Kl\u00e4ttring-i-G\u00f6teborg.jpg","sizes":{"thumbnail":{"file":"Kl\u00e4ttring-i-G\u00f6teborg-150x150.jpg","width":150,"height":150,"mime_type":"image\/jpeg","source_url":"http:\/\/www.omniro.de\/Gipfelbuch\/blog-jr\/wp-content\/uploads\/2015\/10\/Kl\u00e4ttring-i-G\u00f6teborg-150x150.jpg"},"medium":{"file":"Kl\u00e4ttring-i-G\u00f6teborg-200x300.jpg","width":200,"height":300,"mime_type":"image\/jpeg","source_url":"http:\/\/www.omniro.de\/Gipfelbuch\/blog-jr\/wp-content\/uploads\/2015\/10\/Kl\u00e4ttring-i-G\u00f6teborg-200x300.jpg"},"large":{"file":"Kl\u00e4ttring-i-G\u00f6teborg-682x1024.jpg","width":682,"height":1024,"mime_type":"image\/jpeg","source_url":"http:\/\/www.omniro.de\/Gipfelbuch\/blog-jr\/wp-content\/uploads\/2015\/10\/Kl\u00e4ttring-i-G\u00f6teborg-682x1024.jpg"},"full":{"file":"Kl\u00e4ttring-i-G\u00f6teborg.jpg","width":800,"height":1201,"mime_type":"image\/jpeg","source_url":"http:\/\/www.omniro.de\/Gipfelbuch\/blog-jr\/wp-content\/uploads\/2015\/10\/Kl\u00e4ttring-i-G\u00f6teborg.jpg"}},"image_meta":{"aperture":3.5,"credit":"","camera":"Canon PowerShot SX270 HS","caption":"","created_timestamp":1443693191,"copyright":"","focal_length":"4.5","iso":"1600","shutter_speed":"0.005","title":"","orientation":1}},"post":336600,"source_url":"http:\/\/www.omniro.de\/Gipfelbuch\/blog-jr\/wp-content\/uploads\/2015\/10\/Kl\u00e4ttring-i-G\u00f6teborg.jpg","_links":{"self":[{"href":"http:\/\/www.omniro.de\/Gipfelbuch\/blog-jr\/wp-json\/wp\/v2\/media\/336601"}],"collection":[{"href":"http:\/\/www.omniro.de\/Gipfelbuch\/blog-jr\/wp-json\/wp\/v2\/media"}],"about":[{"href":"http:\/\/www.omniro.de\/Gipfelbuch\/blog-jr\/wp-json\/wp\/v2\/types\/attachment"}],"author":[{"embeddable":true,"href":"http:\/\/www.omniro.de\/Gipfelbuch\/blog-jr\/wp-json\/wp\/v2\/users\/1"}],"replies":[{"embeddable":true,"href":"http:\/\/www.omniro.de\/Gipfelbuch\/blog-jr\/wp-json\/wp\/v2\/comments?post=336601"}]}}

http://www.omniro.de/Gipfelbuch/blog-jr/wp-content/uploads/2015/10/Klättring-i-Göteborg.jpg

Klättring i Göteborg

<p class="attachment"><a href='http://www.omniro.de/Gipfelbuch/blog-jr/wp-content/uploads/2015/10/Klättring-i-Göteborg.jpg'><img width="200" height="300" src="http://www.omniro.de/Gipfelbuch/blog-jr/wp-content/uploads/2015/10/Klättring-i-Göteborg-200x300.jpg" class="attachment-medium size-medium" alt="" decoding="async" loading="lazy" srcset="http://www.omniro.de/Gipfelbuch/blog-jr/wp-content/uploads/2015/10/Klättring-i-Göteborg-200x300.jpg 200w, http://www.omniro.de/Gipfelbuch/blog-jr/wp-content/uploads/2015/10/Klättring-i-Göteborg-682x1024.jpg 682w, http://www.omniro.de/Gipfelbuch/blog-jr/wp-content/uploads/2015/10/Klättring-i-Göteborg.jpg 800w" sizes="(max-width: 200px) 100vw, 200px" data-attachment-id="336601" data-permalink="http://www.omniro.de/Gipfelbuch/blog-jr/2015/10/schweden-bohuslan-klaettring-i-goeteborg/klaettring-i-goeteborg/" data-orig-file="http://www.omniro.de/Gipfelbuch/blog-jr/wp-content/uploads/2015/10/Klättring-i-Göteborg.jpg" data-orig-size="800,1201" data-comments-opened="1" data-image-meta="{&quot;aperture&quot;:&quot;3.5&quot;,&quot;credit&quot;:&quot;&quot;,&quot;camera&quot;:&quot;Canon PowerShot SX270 HS&quot;,&quot;caption&quot;:&quot;&quot;,&quot;created_timestamp&quot;:&quot;1443693191&quot;,&quot;copyright&quot;:&quot;&quot;,&quot;focal_length&quot;:&quot;4.5&quot;,&quot;iso&quot;:&quot;1600&quot;,&quot;shutter_speed&quot;:&quot;0.005&quot;,&quot;title&quot;:&quot;&quot;,&quot;orientation&quot;:&quot;1&quot;}" data-image-title="Klättring i Göteborg" data-image-description="" data-image-caption="" data-medium-file="http://www.omniro.de/Gipfelbuch/blog-jr/wp-content/uploads/2015/10/Klättring-i-Göteborg-200x300.jpg" data-large-file="http://www.omniro.de/Gipfelbuch/blog-jr/wp-content/uploads/2015/10/Klättring-i-Göteborg-682x1024.jpg" /></a></p>

2015/10/Klättring-i-Göteborg.jpg

Klättring-i-Göteborg-150x150.jpg

http://www.omniro.de/Gipfelbuch/blog-jr/wp-content/uploads/2015/10/Klättring-i-Göteborg-150x150.jpg

Klättring-i-Göteborg-200x300.jpg

http://www.omniro.de/Gipfelbuch/blog-jr/wp-content/uploads/2015/10/Klättring-i-Göteborg-200x300.jpg

Klättring-i-Göteborg-682x1024.jpg

http://www.omniro.de/Gipfelbuch/blog-jr/wp-content/uploads/2015/10/Klättring-i-Göteborg-682x1024.jpg

Klättring-i-Göteborg.jpg
